et d be l(7). What is the tens digit of ((-69)/3)/(1/d)?
8
Suppose 2*i + 248 = h, 606 = -5*i - h - 14. What is the units digit of i/(-8) + 1/(-2)?
5
Let p(z) = -291*z - 17. What is the units digit of p(-14)?
7
Suppose u = 5*u + 4*i - 140, -u + 39 = 5*i. What is the tens digit of u?
3
Let c(f) = -4*f + 28. Let n(m) = 3*m - 28. Let q(a) = -4*c(a) - 5*n(a). Let t be q(0). Suppose 0 = -o + t - 9. What is the tens digit of o?
1
What is the tens digit of (889 - 4) + (-10)/(0 - -2)?
8
Let x be ((-1)/(-3))/(4/(-60)). Let f = x - -8. Suppose p + 2*p - 6 = i, 5*p - 52 = -f*i. What is the units digit of i?
9
Let k be (-1204)/98 - (-4)/14. Let i = 75 + k. What is the tens digit of i?
6
Suppose -4*f = f - 80. Let m be (-3 - f/2) + 2. Let g = m - -23. What is the tens digit of g?
1
Let h(c) = c**2 + 13*c + 58. Let w be h(-7). Suppose -l = 4*l - 70. Let n = w - l. What is the units digit of n?
2
Let v(n) = -5*n - 20. Let k be v(-5). What is the hundreds digit of ((-30)/k)/((-4)/94)?
1
Suppose 4 = 7*g - 5*g. Suppose g*l + l - 570 = 0. What is the hundreds digit of l?
1
Let m(d) = d**3 + 3*d**2 - 14*d + 2. What is the hundreds digit of m(8)?
5
Suppose 15*b - 402432 = -81*b. What is the thousands digit of b?
4
Suppose 2*n + 1 = -17. Let a = 15 + n. Suppose t = 4*k - 59, 0 = -k + t + a + 8. What is the tens digit of k?
1
Suppose 20*h = -47*h + 87502. What is the tens digit of h?
0
Suppose -3*n + 3549 = 3*x, 3*n = 3*x - 1628 - 1945. What is the tens digit of x?
8
Let i be (-2 - 3)*(0 - 1). Let y(f) = 6 - 2*f**2 + f**3 + 2*f - f**2 - 2*f**2. What is the tens digit of y(i)?
1
Let o be 69/12 + (-3)/4. Let d be 1/2*2*o. Suppose d*b = 12 + 8. What is the units digit of b?
4
Let w(h) = 2*h**2 - 20*h + 69. What is the hundreds digit of w(21)?
5
Suppose 2*r = y + 57, 0 = -6*r + r + 4*y + 141. Suppose -30*v = -r*v - 5. What is the units digit of v?
5
Let j = -91 - -166. Let x = 4 - -4. Suppose 5*v - 2*g - 89 = 0, -3*v + 5*g - j = -x*v. What is the tens digit of v?
1
Suppose -a - 4*r + 4625 = 1316, -2*r = 4*a - 13194. What is the tens digit of a?
9
Suppose 14*r - 37*r + 37191 = 0. What is the thousands digit of r?
1
Suppose 2*q - 4 = 0, 23 = -0*u + 5*u + 4*q. Let m(s) = 3*s. Let l be m(u). What is the units digit of 6/(-27) - (-182)/l?
0
Let c(t) = 857*t - 196. What is the tens digit of c(3)?
7
Let l be (2/(-5))/(1/35). Let c = l + 30. What is the units digit of (-1 - -45)*4/c?
1
Let k(j) = j**2 - 19*j - 18. Let t be k(21). Let z(q) = q**2 - 17*q + 10. Let b be z(7). What is the tens digit of (-144)/(-10) + t/b?
1
Suppose -5*k - 22 - 23 = 0. Let l(f) = f**2 - 2*f - 1. Let p(i) = 6*i**2 - 5*i - 9. Let q(c) = -5*l(c) + p(c). What is the tens digit of q(k)?
3
Let b(g) = -g. Let o(a) = a**2 + a - 5. Let s(h) = -4*h**3 - h**2 - h. Let y be s(-1). Let t(w) = y*b(w) - o(w). What is the units digit of t(-4)?
9
Let j(x) = -3*x + 28. Let g(m) = 2*m - 19. Let f(y) = -7*g(y) - 5*j(y). Let z(p) = 2*p - 13. Let a(i) = -13*f(i) + 6*z(i). What is the units digit of a(-8)?
1
Suppose -5*d = -0*d - 25. Suppose -2*n + 145 - 95 = 0. Suppose d*k = 5*u + 80, -3*k - 4*u = -n - 2. What is the units digit of k?
3
Let a(b) = 7*b - 16. Let i(g) = -g**3 - 2*g**2 + 3*g + 2. Let u be i(-2). Let v = u + 11. What is the tens digit of a(v)?
3
Let i(d) = -d**3 - 9*d**2 + 17*d + 15. What is the units digit of i(-12)?
3
Suppose 0*h = 4*h - 20. Suppose 0*v = -h*v - 50. Let s = 24 + v. What is the units digit of s?
4
Let f(d) = 6*d**2 - 4*d + 5. What is the tens digit of f(3)?
4
Suppose 155*a - 169*a + 700 = 0. What is the tens digit of a?
5
Suppose 2*c - 2 = -0, -2*c = t - 2967. What is the hundreds digit of t?
9
Let c be ((-2)/6)/((-14)/126). Suppose -4*f - f + c*w + 77 = 0, 5 = 5*w. What is the tens digit of (-1)/4 - (-1124)/f?
7
Suppose 64 = 5*b + 3*b. Suppose -176 = -3*r - b*r. What is the tens digit of r?
1
Let s(v) = -2*v + 3. Let n be ((-10)/(-8))/(6/(-96)). What is the tens digit of s(n)?
4
Let t(v) be the second derivative of v**4/12 - v**3/3 - 2*v**2 - 2*v. Let o = -43 + 38. What is the units digit of t(o)?
1
What is the units digit of -1 + (-7304)/(-10) + (-225)/(-375)?
0
Let l be (3/2 - 1)*10. Let o be 8*-2 - (l + -8). What is the units digit of 0 + 2 - (o + 1)?
4
Suppose -4*r = -r + 5*t - 23, 0 = r - 2*t + 7. Let h be 4/(12/9)*r. Suppose 155 = 2*c + h*c. What is the tens digit of c?
3
Suppose -7608 = -16*r - 984. What is the units digit of r?
4
What is the hundreds digit of 3/3 + -1 + 779?
7
Let y be 2055/9 - (-6)/9. Suppose -16*f - y + 1125 = 0. What is the units digit of f?
6
Suppose -l - 12 = -3*m + 1, -16 = 4*l - 3*m. What is the tens digit of l*-15*4/3?
2
Let x(n) = 7*n**2 + 36. Let r(l) = 4*l**2 + 18. Let b(s) = 11*r(s) - 6*x(s). What is the units digit of b(8)?
0
Suppose -2*s + 27 = -b, 4*s - b = 2*b + 59. Suppose 173 + s = 4*h. What is the tens digit of h?
4
Let k = -20 - -25. What is the units digit of k*6 - (-2 + 0)?
2
Let f(m) = 22*m - 38. What is the tens digit of f(13)?
4
Let f(g) = 262*g**3 + 2*g - 1. Let h be f(1). Suppose 3*c - h = -53. Suppose 0 = p - 2*p + 3*l + 47, 2*p + 2*l = c. What is the units digit of p?
8
Let f = 35 - -634. Suppose 4*g + f = 1777. What is the units digit of g?
7
Let u(p) = 52*p - 25. What is the tens digit of u(2)?
7
Let u(t) = -2*t - 6. Let i be u(-4). Let w(l) = l - 4. Let q be w(8). Suppose -70 = -2*k - i*d, -54 = -2*k - 2*d + q*d. What is the units digit of k?
1
Let x(k) = 4*k**3 - 11*k**2 + 19*k - 7. What is the tens digit of x(7)?
5
Let i(m) = m**2 - 5*m - 2. Let t be i(6). Suppose 2*f = -1 - 7, -t*f - 1 = 5*w. Suppose -1 - 29 = -x - 5*d, -w*x + d = -10. What is the units digit of x?
5
Suppose -76 = -4*i - 5*w, -19 = -4*i + 3*i + w. Let m = 45 - i. What is the tens digit of m?
2
Let c be (-2)/(56/(-1407)) + (-1)/4. Suppose -30 = -3*n + 51. Let p = c - n. What is the units digit of p?
3
Let q = 51 + -56. What is the units digit of 2 - q*(1 + 5)?
2
Suppose 2*v + 3*i = 428, 3*i - 420 = -2*v - 2*i. Let m = 313 - v. What is the units digit of m?
3
Let r be (-4 + 6 - 4)*-700. Suppose i - r = -9*i. What is the units digit of i?
0
Suppose 0 = -n + 6 + 3. Suppose -5*f + n = -2*f, -o + 75 = 3*f. What is the units digit of o?
6
Let x(z) = -z + 19. Let j be x(13). Suppose -j*n + 294 = n. What is the tens digit of n?
4
Suppose 6*y - 2 = 8*y. Let o(g) = -95*g - 1. What is the tens digit of o(y)?
9
Let u be 2/6 + 28/6. Suppose -7*p + 12 = -3*p + 4*h, -1 = h. Suppose 150 = u*x - p*q, -18 = -4*x + q + 91. What is the tens digit of x?
2
Let i = -11 + 46. Suppose 39*r = i*r + 292. What is the units digit of r?
3
Suppose -d + 5*s - 1 = 0, 0*d - 3*d = -3*s - 33. Let l be -1 - -1*(-1 - -2). Suppose -4*m + 3*b + 100 = l, 3*b = 2 - d. What is the tens digit of m?
2
What is the hundreds digit of 3017/98*6 - (-2)/7?
1
Suppose 46 + 18 = 4*b. Let j be (-5 + b)/((-2)/8). Let q = j - -89. What is the tens digit of q?
4
Suppose 7*g - 54 = g. What is the units digit of 2*((-1710)/(-4))/g?
5
Let u = -7454 - -11329. What is the thousands digit of u?
3
Suppose -x = -v - 469, 3*v + 922 = 2*x + 5*v. What is the units digit of x?
5
Let j(h) = 8*h**2 + 8*h - 66. Let m(i) = i**3 - 34*i**2 - 2*i + 74. Let f be m(34). What is the hundreds digit of j(f)?
2
Suppose 5*m - 15 = 0, -2*m - m = -4*p + 4399. What is the units digit of p?
2
Suppose -6*b + 27 = 3. Suppose -1 = -0*t + t, 5*d - 619 = b*t. What is the tens digit of d?
2
Let f be (1/(-1))/(6/(25 - -5)). What is the tens digit of (106/(-6) + (-6)/18)*f?
9
Suppose 8 + 1 = -a + 3*y, 0 = -3*a - y + 13. Let b(j) be the second derivative of 5*j**4/12 - 5*j**3/6 + 3*j**2 + 10*j. What is the tens digit of b(a)?
3
Suppose 135*d - 122*d - 10972 = 0. What is the tens digit of d?
4
Let c(h) = -17 - 2 + 0*h - 5*h + 3*h. Suppose -28 + 2 = 2*z. What is the units digit of c(z)?
7
Suppose -8*r + 7*r = -5*k - 1422, 0 = 5*k + 5. What is the tens digit of r?
1
Suppose -2*f - 4 - 10 = 0. What is the tens digit of (25431/(-28))/f + 6/(-8)?
2
Suppose -177 - 929 = -2*n. What is the tens digit of n?
5
Suppose 0 = 24*k - 27*k + 300. Suppose 3*v = k + 137. What is the tens digit of v?
7
Let q(r) = 66*r + 102. What is the units digit of q(9)?
6
Let s be (-126)/(-33) - 16/(-88). Suppose j + 5*f - 230 = 0, 2*j = s*j + 4*f - 430. What is the hundreds digit of j?
2